3, 17
Let c be (15/(-10))/((-6)/(-56)). Let r be 4/(-7)*c/4. Suppose -141 + 27 = -r*m. List the prime factors of m.
3, 19
Suppose 9*f + 18 = 12*f. Let b(g) = 0 - 3 + 6 - f*g. List the prime factors of b(-4).
3
List the prime factors of 232 - (10/2)/(13 - 14).
3, 79
Suppose -3*j = 12*f - 13*f + 4996, -24966 = -5*f + j. List the prime factors of f.
4993
Suppose 0 = 5*k - 3*k + 4. Let a = k - 10. List the prime factors of 6*9/a*-2.
3
Let b(q) = -q**3 - 6*q**2 - q - 2. Suppose -2*c + o - 18 = 3*o, 2*c = 4*o. Let m be b(c). Suppose -x + m = 2. List the prime factors of x.
2
Let t be 3*6*1/9. Suppose 0*o + t*o = 104. List the prime factors of o.
2, 13
Let d(g) = -g**2 - 13*g - 2. Suppose -50 - 13 = 9*s. What are the prime factors of d(s)?
2, 5
Let m = 163 - 55. List the prime factors of m.
2, 3
Let i = 2254 - -3449. List the prime factors of i.
3, 1901
Suppose 14*s = 17*s, -5*s = -f + 3380. List the prime factors of f.
2, 5, 13
Let o(k) = -9*k - 42. Let b be (-1)/((6/2)/27). List the prime factors of o(b).
3, 13
Let s(b) = b**2 - b + 1. Suppose -7 = -3*j - 4. Let u be s(j). What are the prime factors of 29 + 0/(-3 - u)?
29
Let z(p) = p**2 - 16*p + 179. What are the prime factors of z(40)?
17, 67
Let m = 21 + -30. Let o = 23 - 42. Let h = m - o. What are the prime factors of h?
2, 5
Let g be (-1 - 5)*8/(-6). Suppose 0 = g*n - 4*n - 48. Let i(a) = -a**2 + 14*a - 12. List the prime factors of i(n).
2, 3
Let o(q) = -q**2 + 19*q - 12. Let s be o(13). Suppose -350 - s = -4*k. List the prime factors of k.
2, 13
Suppose c + y = -2, -2*c = 2*c - y - 12. Let q be 1/(c + 1)*42. Let b = -12 + q. What are the prime factors of b?
2
Let k(q) = q**2 + 6*q + 7. Let w be k(-5). Suppose 0 = -3*r + w + 4. List the prime factors of 10 + -6 - r*-1.
2, 3
Let c(r) = 26*r**2 + 9*r - 1. What are the prime factors of c(-2)?
5, 17
Let f = -33 + 16. Let u = f - -17. Suppose u = -5*p + 43 + 337. List the prime factors of p.
2, 19
Let j(v) = 217*v + 198. What are the prime factors of j(10)?
2, 37
Let c = 134 - -350. What are the prime factors of c?
2, 11
Suppose 41 - 121 = 5*g. Let b(z) = -z**3 - 2*z**2 - z + 2. Let u be b(-5). Let i = g + u. List the prime factors of i.
2, 3, 11
Let y(k) = 20*k - 18. Let g be y(2). Suppose -15*t = -g*t + 525. List the prime factors of t.
3, 5
Suppose 3*r = -3*b, -3*r + r + 4*b + 24 = 0. Suppose -u = 5*k - 174, 4*u - 6*k - 696 = -r*k. What are the prime factors of u?
2, 3, 29
Let u(c) be the third derivative of 2/3*c**3 + 2*c**2 + 0*c - 1/24*c**4 + 0. What are the prime factors of u(-11)?
3, 5
Let t(g) be the first derivative of 5*g**3/3 + 3*g**2/2 - 6*g + 1. List the prime factors of t(-4).
2, 31
Suppose -5*g + 3*p = -2*p - 3405, 3*p = -g + 701. Suppose 0 = s - 0*i - 2*i - g, 5*i + 2062 = 3*s. What are the prime factors of (-3)/(-18) + s/12?
2, 29
Suppose 4*j + 3*c + 19 = 0, 22 = -5*j + c - 3*c. What are the prime factors of j/(-1 - 3)*60?
2, 3, 5
Let r = -4 + 10. Let u be (3 - r - -5)*2. Suppose -u*l + 5 + 43 = 0. List the prime factors of l.
2, 3
Let p(t) = 75*t**2 - 5*t - 2. What are the prime factors of p(-2)?
2, 7, 11
Let w = 11 - 9. Suppose 30 = 2*o + 3*o + w*t, 3*o - t = 7. Suppose -8 = -o*u + 80. List the prime factors of u.
2, 11
Suppose 2*t + 0*t = 8. Let g = t - -220. What are the prime factors of g?
2, 7
Suppose -6*w - 54 = -4*w - 3*p, -p - 80 = 4*w. Let o be (-25)/2 + 9/6. Let d = o - w. What are the prime factors of d?
2, 5
Let r(m) = 24*m**2 - 6. Suppose -3 = 6*v + 9. List the prime factors of r(v).
2, 3, 5
Suppose 0 = 4*l + 3*h + 3, 12 = l + 5*h. Let u(c) = -4*c - 6. Let k be u(l). Let j = 5 + k. List the prime factors of j.
11
Suppose -11*a + 4369 = -218. What are the prime factors of a?
3, 139
Let n(j) = 2*j**2 - 6*j - 1. Let m be n(8). Let d = m - 25. List the prime factors of d.
2, 3
Let p be (-2 + 1)/(2/(-24)). Suppose -5*a = 4*r - 31, r - a = 2*a + p. Let x = r + -4. What are the prime factors of x?
5
Let h(z) = 4*z + 21. Let k be h(-4). Suppose 2*w = 3*w - 4, -5*v = -k*w - 765. What are the prime factors of v?
157
Suppose -2600 = -295*m + 290*m. List the prime factors of m.
2, 5, 13
Suppose 3 = 2*l + l, -4*d - 9 = -l. Let g be (12/9)/(d/3). What are the prime factors of 8 - (6/3 + g)?
2
Suppose -45 = -3*h - 2*h + 5*r, 4*h + 4*r = 76. Let z(k) = 10*k + 35. List the prime factors of z(h).
5, 7
Let m(s) be the third derivative of -s**4/24 - 32*s**2. Let i(f) = 3*f + 1. Let q be i(-3). List the prime factors of m(q).
2
Suppose y - 2*y + 14 = 0. Let d = y - 13. What are the prime factors of 8*(0 + 1 + d)?
2
List the prime factors of (-26044)/(-42) + (-36)/378.
2, 5, 31
Let r = 1129 - 641. List the prime factors of r.
2, 61
Suppose 2 = i + 4*r - 8, -2 = i - 2*r. Let d(a) = a**3 - 51*a - 6*a**i + 2 + 10 + 56*a. What are the prime factors of d(5)?
2, 3
Suppose s + 2*o - 696 = -0*s, 0 = 2*s - 3*o - 1378. What are the prime factors of s?
2, 173
Suppose -16*f + 11*f - 345 = 0. Let y = f - -110. List the prime factors of y.
41
What are the prime factors of 4*-3*(352/(-12) + 0)?
2, 11
Let v be 2*(-4 - 282/(-4)). Suppose 304 = 5*r - 3*n, r + 5*n + v = 3*r. List the prime factors of r.
59
Let x(b) = b + 8. Suppose -3*p - p = 12, -c + 5*p = -9. Let d be x(c). Suppose -5*i + d*j = 6*j - 81, 29 = 2*i + 5*j. What are the prime factors of i?
17
Suppose -p - 225 = 4*p. Let n(m) = 10*m + 99. Let l be n(-13). Let y = l - p. What are the prime factors of y?
2, 7
Let k(i) be the third derivative of i**6/120 + i**5/60 + 13*i**3/3 - 7*i**2. List the prime factors of k(0).
2, 13
Suppose 2*h + 3*i - 19 = -0*h, 27 = 2*h - 5*i. Suppose 2*k = -s + 39, -h + 84 = 4*k + 3*s. List the prime factors of k.
2, 11
Let k(a) = 13*a + 80. List the prime factors of k(6).
2, 79
Let w = -680 - -944. What are the prime factors of w?
2, 3, 11
Suppose 3*h - 1008 = 2*h. List the prime factors of h/(-90)*5/(-2).
2, 7
Let s(x) = 13*x + 44. Suppose 0 = -3*b - 6*b + 117. What are the prime factors of s(b)?
3, 71
Let z(y) = 2*y + 38. Let m be z(-19). Suppose -4*c + 0*l = -4*l - 240, m = 4*c + 4*l - 200. List the prime factors of c.
5, 11
Suppose -146 = -3*d + 16. Let h = d + -19. Let i = h + -19. What are the prime factors of i?
2
Suppose 3*x - 13 = 4*d + 12, -4*d - 7 = 3*x. Suppose b + x - 9 = 0. Let o(w) = -w**2 + 11*w - 4. List the prime factors of o(b).
2, 13
Let i = -18 - -20. Let d be -8 + 4 + -4 + i. Let k(j) = -4*j - 21. List the prime factors of k(d).
3
Let n(p) = p**3 + p**2 + p - 4. Suppose 3 = 4*v - 3*v. List the prime factors of n(v).
5, 7
Let q(j) = 84*j - 99. What are the prime factors of q(18)?
3, 157
Let z = 2 + -21. Let h = -7 - z. List the prime factors of h.
2, 3
Let c(b) = 27*b - 24. Let l be c(8). Let k = 322 - l. What are the prime factors of k?
2, 5, 13
Let n = -4 + -7. Let u = n + 13. Suppose -u*i - 2*i + 160 = 0. What are the prime factors of i?
2, 5
Let n be (-66)/8*(-64)/24. Let w = 2 - -1. Suppose -r + 11 = w*j, -n = -4*r + j + 87. What are the prime factors of r?
2, 13
Let q = -1 + 5. List the prime factors of ((-38)/q)/(2/(-12)).
3, 19
Suppose 0 = -z - 4*a - 186, 322 = -2*z - 9*a + 11*a. What are the prime factors of 3 + 3/((-3)/z)?
13
Let c = 9434 - 4630. What are the prime factors of c?
2, 1201
Suppose -4*f + 1738 = i + 2*i, -3*f = 4*i - 1307. What are the prime factors of f?
433
Suppose o + 2*c - 138 = 0, -5*o + c + 566 + 168 = 0. What are the prime factors of o?
2, 73
Suppose 4*t - 8110 - 7602 = -5*l, 3*l = 4*t + 9408. What are the prime factors of l?
2, 5, 157
Let p be 789 + 2*3/6. Let x be p/(-15)*6/(-4). Suppose 3*g = -g + 4, -3*k + 5*g + x = 0. What are the prime factors of k?
2, 7
List the prime factors of ((-1)/3)/((-24)/373896).
3, 577
Let b(o) = 639*o**2 - 41*o - 40. List the prime factors of b(-1).
2, 5
Let d(q) = 52*q**2 - 16*q + 27. Let u(x) = -x**3 + 4*x**2 - 4*x + 5. Let f be u(3). List the prime factors of d(f).
7, 29
Suppose 4*f = 3*l - 2*l - 20, 0 = f + l. Let v be f - -4 - 4 - 20. Let n = 88 + v. List the prime factors of n.
2
Let i(a) = -2*a**3 - 13*a**2 + 6*a - 22. What are the prime factors of i(-9)?
7, 47
Let g(b) = -b**3 - b**2 - 12*b + 15. Let q be g(-7). Suppose -1311 = -6*c - q. What are the prime factors of c?
3, 17
Suppose -10*h + 14*h + 6637 = 3*z, 2234 = z + 3*h. List the prime factors of z.
7, 317
Suppose 0 